k(-1)?
5, 7
Suppose -4*x - 5*i + 26 = -225, 5*i + 103 = 2*x. List the prime factors of x.
59
Suppose 6*n = 5*y + 4*n - 222, -5*y = -4*n - 214. What are the prime factors of y?
2, 23
Let y(n) = -2*n - 2. List the prime factors of y(-4).
2, 3
Suppose 8*o + 0*o - 248 = 0. List the prime factors of o.
31
Let h be ((-12)/(-15))/((-4)/(-20)). Let z(f) be the first derivative of f**3/3 - 2*f**2 + 6*f + 1. List the prime factors of z(h).
2, 3
Let r(a) = -a**3 - 8*a**2 - 2. Let v be r(-8). Let k = -3 - v. List the prime factors of (k*1)/(3/(-9)).
3
Let w = 10 - 5. Suppose 2*j = -c + 5, c - 4*c + 16 = w*j. Suppose 0 = q - 5*y + c, 4*q - 5*q - 3*y + 17 = 0. List the prime factors of q.
2
Suppose -w - 5*q - 3 = -0*q, -4*q = 2*w. Let d = w - -1. Let u(a) = 4*a - 2. List the prime factors of u(d).
2, 5
Suppose -8 = -2*q - 4*r, 4*q + r - 9 = -0. Let g be (-5)/(2/(-1*q)). Let w = 11 - g. List the prime factors of w.
2, 3
Let l(i) be the first derivative of 9/2*i**2 - 5*i + 1/4*i**4 + 4*i**3 - 3. What are the prime factors of l(-11)?
17
Let a(n) = n**2 + 5*n - 21. What are the prime factors of a(-12)?
3, 7
Let w be (-1 - (-2 - -2))*-3. Suppose -3*z = -3*x - 52 + 7, w*z + x = 41. Suppose -1 - z = -5*j. List the prime factors of j.
3
Let o(y) = -y**2 + y + 12. Let g be o(0). Let c be ((-1)/2)/((-3)/g). Suppose -43 = -4*u + 2*j + j, u + c*j = 8. What are the prime factors of u?
2, 5
Suppose -4*w + 11*w = 525. Suppose -w = -3*c + 30. List the prime factors of c.
5, 7
Let y(v) = 5*v**2 + 2*v - 5. What are the prime factors of y(3)?
2, 23
List the prime factors of 574/10 - (-8)/(-20).
3, 19
What are the prime factors of (12 - 16)/(2/(-29))?
2, 29
Let y(p) = -p**3 - 10*p**2 - 6*p + 7. List the prime factors of y(-10).
67
Let y = 93 - 53. Suppose 0*k = 2*k - y. What are the prime factors of k?
2, 5
Let k = 5 - 8. Let p = -4 - k. Let g(v) = -2*v + 1. What are the prime factors of g(p)?
3
Let j(q) = -q - 10. Let x be j(-5). What are the prime factors of (-87)/(-4) - x/20?
2, 11
What are the prime factors of (-4 - 55/(-15))*-213?
71
Suppose -2*y - 43 = -3*p, 3*p - y - 4*y - 40 = 0. List the prime factors of p.
3, 5
Suppose 2*p = -3*p + g - 53, 3*p + 45 = 5*g. Suppose x = -5*d - 143, 0 = -3*d - 2*x + 5*x - 75. Let v = p - d. What are the prime factors of v?
2, 3
Suppose 33 = -4*d + 205. What are the prime factors of d?
43
Let h be (-3 + 5 + 0)/(-2). What are the prime factors of h/(-1) + (23 - 2)?
2, 11
Suppose -4*i - 25 = -l + 12, -4*l - 2*i + 202 = 0. What are the prime factors of l?
7
Let x = -6 + 6. Suppose -2*n + 2 = x, 4*j - 2*n = 1 + 29. What are the prime factors of j?
2
Let h(b) = -5*b + 13. What are the prime factors of h(-7)?
2, 3
Let h = -1 + 83. List the prime factors of h.
2, 41
Let s(x) = x**2 - 2*x - 5. Let n be s(4). Suppose 3*d + 0*u = -n*u + 12, 2*d - 14 = -5*u. Suppose 0 = d*j - 4. What are the prime factors of j?
2
Suppose 4*b - 30 = 2*t + 32, t = b - 30. Suppose 2*h = 4*v + 5*h + 80, 2*v = 4*h - 40. What are the prime factors of t/(-4) + 5/v?
7
Let w(t) = -t + 3. Let b be w(7). Let u be (-131)/b - 1/(-4). Suppose 2*d + 9 = u. List the prime factors of d.
2, 3
Let z(a) = 9*a**2 - 3*a + 1. What are the prime factors of z(3)?
73
Let j(g) = 7*g**2 - g - 11. What are the prime factors of j(-5)?
13
Let j = -6 - -2. Let r = j - -9. Suppose -4*g = -16, -5*h - r*g = -h - 36. What are the prime factors of h?
2
Let z(o) = 11*o**2 - 2*o - 1. Let q = -15 - -6. Let c(n) = n + 8. Let j be c(q). What are the prime factors of z(j)?
2, 3
Let i be (-6)/18*12*1. Let l(w) = -w**3 - 4*w**2 - 5*w - 2. List the prime factors of l(i).
2, 3
Let z = -37 + 24. Let g(i) = -3*i + 7. Let c be g(5). Let a = c - z. List the prime factors of a.
5
Let j be 4/3*(-6)/(-4). Suppose 17 = r - y, j*r = -2*r - 4*y + 68. What are the prime factors of r?
17
Suppose 0 = -4*f - f + 235. Suppose 17 = 2*s - f. What are the prime factors of s?
2
Let i(y) = -y**3 - 4*y**2 - 3. Let f be i(-3). Let d be f/14*(-1 + -6). Suppose -d = -2*h - 0. List the prime factors of h.
3
Let h(f) = -f**2 - f + 40. List the prime factors of h(0).
2, 5
Suppose -2*u = v + 15 + 14, v + 5*u + 17 = 0. Let d be v/(-7) + (-4)/14. Let i(r) = -r**3 + 6*r**2 - 2*r - 1. What are the prime factors of i(d)?
2, 7
Suppose -i + 4*p + 64 = 2*p, 0 = 4*p + 20. What are the prime factors of i?
2, 3
Suppose -2*u = -u - 4. Suppose -4*l = 4*q - 180, -5*l + 19 + 159 = u*q. What are the prime factors of q?
47
Let d(b) = 16*b**2 + 2. Let t be d(2). Suppose -n = n - t. Suppose 5*s - 3*s = -5*f + n, 0 = 3*s + 5*f - 42. List the prime factors of s.
3
Suppose 7 = b - 0*b. Let t(i) = -i**3 - 8*i**2 - 6*i + 6. Let r(j) = 3*j**3 + 17*j**2 + 11*j - 13. Let d(s) = -2*r(s) - 5*t(s). List the prime factors of d(b).
3
List the prime factors of (-5)/2 + (-1945)/(-10).
2, 3
Let p = 127 - 68. List the prime factors of p.
59
Let f(a) = a**2 - 6*a + 9. Let o = -5 + 11. Let u be f(o). Let b = -5 + u. List the prime factors of b.
2
Let c(w) = w + 4. Let l be c(-12). Let y(q) = 2*q**3 - 7 - 3*q**3 - 8*q - 8*q**2 + 6*q. List the prime factors of y(l).
3
Suppose -11 = k - a - 4*a, -4*k - 4*a + 28 = 0. Let v = 8 - k. Suppose 33 = -m + v*m. List the prime factors of m.
11
Let t = -1 - -4. Suppose q = -t*q + 80. List the prime factors of q.
2, 5
Let m = 46 - 28. List the prime factors of 320/m - (-10)/45.
2, 3
Let s(t) = 2*t - 9. Let q be s(6). Suppose 2*u - 10 = -5*v, -q*v + 3*u = -2*v - 19. Let z = v - -4. List the prime factors of z.
2
Let n = 21 - -12. List the prime factors of n.
3, 11
Suppose 2*j - 2 = 2*d, -5*j = -d - 0*j + 3. Let l(h) = -h - 10. Let v be l(-6). List the prime factors of (6/d)/(1/v).
2, 3
Let l be (-42)/(-4) - 2/(-4). Let u(v) = v**2 + v. Let z be u(0). Let d = z + l. List the prime factors of d.
11
Suppose -2*b + 3 = -b. Let v be 0/(b*4/(-6)). Suppose v*q = -2*z + 2*q + 6, -z = 3*q - 7. List the prime factors of z.
2
Let p = 0 + 0. Suppose -23 = -4*o - i, p = 3*o - 0*o + i - 17. Suppose -2*f + o = -g - 19, -4*f = -g - 47. What are the prime factors of f?
11
Let u(f) = -2 + f**2 + 0*f**2 - 2*f**2 + 2*f**2. List the prime factors of u(5).
23
Let b be 1/(-3) + 19/3. Suppose u + 2*z = 7, b*u + 2*z - 25 = 3*u. List the prime factors of u.
3
Let h be 232/20 + (-2)/(-5). Let k = 8 - h. Let a(w) = -w. What are the prime factors of a(k)?
2
Suppose o + 0*o = -4*m - 1, -2*m = o - 1. Let g be -8*(2 + m)/2. What are the prime factors of ((-6)/g)/(9/48)?
2
Suppose -5*o = -o. Let m(i) = o - 3*i - 11*i - 1 + i. List the prime factors of m(-1).
2, 3
Let i(o) = o**3 - 6*o**2 - 6*o - 5. Let m be 1 + -1 - 21/(-3). What are the prime factors of i(m)?
2
Let m = -27 - -38. What are the prime factors of m?
11
Suppose 5*i - 261 = m + 118, -4 = -4*m. What are the prime factors of i?
2, 19
Suppose 0 = 3*g + 2*g - 15. Let m = g - -1. List the prime factors of m.
2
What are the prime factors of (-10)/(-55) - (-449)/11?
41
Suppose 2*y + 128 - 310 = 0. What are the prime factors of y?
7, 13
Suppose 2*y + 2*h - 23 = y, 97 = 3*y - h. List the prime factors of y.
31
Suppose 5 + 3 = 4*a. Suppose 29 = -h + a*h. Suppose -3*b = -3*z - 21, -2*z = 2*b + z - h. List the prime factors of b.
2, 5
Let p(f) be the first derivative of -f**3/3 + 3*f**2 + 2*f + 2. Let z be p(6). List the prime factors of 7 - 0 - (-4)/z.
3
Suppose 4*t + 9 = -3*u, -2*t + 4*u = -9 - 3. Suppose t = i - 0*i - 13. List the prime factors of i.
13
Let z(c) = -3*c. List the prime factors of z(-13).
3, 13
Let p = -3 - -5. Suppose 2*v + t - 3 = p, -4*v + 4*t = -16. Suppose 4*k - 41 = -5*h, 7*k - 1 = v*h + 3*k. What are the prime factors of h?
5
Let z = -28 + 36. What are the prime factors of z?
2
Suppose 0*w + 2*w + 6 = 0. Let o be ((-10)/(-6) - 1)*w. What are the prime factors of o/(-7) - (-54)/7?
2
List the prime factors of 19 + (-3)/((-9)/12).
23
Suppose -5*w = 2*r + 6, 5*r - r + 3*w = 2. Suppose -15 = -j + r*a, 59 = 5*j + 3*a - 16. List the prime factors of j.
3, 5
Suppose -5*d = -5*h + 135, 2*h + 86 = 5*h - 4*d. What are the prime factors of h?
2, 11
Suppose -3 = -z + 11. List the prime factors of z.
2, 7
Let i = -23 - -55. List the prime factors of i.
2
Suppose 0 = 5*u - 3*f - 4 - 20, 2*u - 2*f = 8. Suppose -2*g + 0*g + u = 0. What are the prime factors of g?
3
Let q = -85 - -156. List the prime factors of 